actors of 672991?
11, 193, 317
What are the prime factors of 1577321?
1577321
What are the prime factors of 29326?
2, 11, 31, 43
List the prime factors of 11713657.
173, 67709
List the prime factors of 652688.
2, 19, 113
What are the prime factors of 1167437?
331, 3527
List the prime factors of 2068683.
3, 689561
List the prime factors of 10338404.
2, 43, 60107
What are the prime factors of 2537288?
2, 13, 31, 787
What are the prime factors of 1473952?
2, 46061
List the prime factors of 1292469.
3, 430823
What are the prime factors of 43089?
3, 53, 271
What are the prime factors of 1110542?
2, 17, 89, 367
List the prime factors of 292251.
3, 61, 1597
List the prime factors of 353310.
2, 3, 5, 11777
What are the prime factors of 4175026?
2, 271, 7703
List the prime factors of 10812327.
3, 83, 173, 251
List the prime factors of 3051756.
2, 3, 9419
List the prime factors of 62377.
7, 19, 67
List the prime factors of 1009942.
2, 277, 1823
List the prime factors of 4543789.
1777, 2557
List the prime factors of 166592.
2, 19, 137
What are the prime factors of 2576148?
2, 3, 137, 1567
List the prime factors of 4443089.
7, 634727
What are the prime factors of 538482?
2, 3, 7, 12821
What are the prime factors of 2233398?
2, 3, 251, 1483
What are the prime factors of 1950633?
3, 73, 2969
What are the prime factors of 636917?
636917
List the prime factors of 226929.
3, 67, 1129
List the prime factors of 5431214.
2, 2715607
What are the prime factors of 162562?
2, 81281
What are the prime factors of 1008587?
1008587
What are the prime factors of 1477603?
61, 24223
List the prime factors of 845424.
2, 3, 19, 103
What are the prime factors of 3320046?
2, 3, 184447
List the prime factors of 10814515.
5, 19, 113837
List the prime factors of 36049340.
2, 5, 191, 9437
List the prime factors of 3325219.
3325219
What are the prime factors of 28590710?
2, 5, 2859071
What are the prime factors of 226784?
2, 19, 373
What are the prime factors of 14983191?
3, 19, 29207
What are the prime factors of 1526465?
5, 397, 769
What are the prime factors of 45041?
73, 617
List the prime factors of 9372608.
2, 7, 20921
List the prime factors of 7370213.
7370213
List the prime factors of 4449367.
13, 59, 5801
List the prime factors of 112088.
2, 14011
List the prime factors of 538137.
3, 19, 1049
What are the prime factors of 4849920?
2, 3, 5, 421
What are the prime factors of 493362?
2, 3, 27409
List the prime factors of 2116163.
7, 19, 2273
List the prime factors of 649229.
7, 163, 569
What are the prime factors of 5599766?
2, 17, 109, 1511
What are the prime factors of 164967?
3, 11, 4999
List the prime factors of 6064003.
11, 31, 17783
What are the prime factors of 283975?
5, 37, 307
List the prime factors of 532290.
2, 3, 5, 11, 1613
List the prime factors of 491660.
2, 5, 13, 31, 61
What are the prime factors of 399980?
2, 5, 7, 2857
List the prime factors of 69244.
2, 7, 2473
What are the prime factors of 57374?
2, 28687
List the prime factors of 613968.
2, 3, 12791
What are the prime factors of 528404?
2, 59, 2239
What are the prime factors of 9708974?
2, 11, 223, 1979
What are the prime factors of 356752?
2, 11, 2027
List the prime factors of 5065795.
5, 7, 144737
List the prime factors of 2346166.
2, 43, 27281
What are the prime factors of 7650250?
2, 5, 71, 431
What are the prime factors of 5805599?
71, 81769
List the prime factors of 23623195.
5, 67, 151, 467
List the prime factors of 5676552.
2, 3, 7, 1609
List the prime factors of 866081.
866081
List the prime factors of 1296971.
13, 99767
What are the prime factors of 631388?
2, 29, 5443
What are the prime factors of 2044697?
2044697
What are the prime factors of 135914?
2, 67957
What are the prime factors of 7921568?
2, 23, 47, 229
List the prime factors of 107234.
2, 53617
What are the prime factors of 241157?
7, 47, 733
List the prime factors of 225131.
17, 19, 41
What are the prime factors of 4536863?
47, 83, 1163
What are the prime factors of 1517868?
2, 3, 11, 3833
What are the prime factors of 1290224?
2, 13, 6203
What are the prime factors of 5903019?
3, 23, 28517
What are the prime factors of 978113?
978113
List the prime factors of 723923.
723923
What are the prime factors of 1101614?
2, 67, 8221
List the prime factors of 565028.
2, 141257
List the prime factors of 1977756.
2, 3, 11, 14983
What are the prime factors of 4878760?
2, 5, 23, 5303
What are the prime factors of 664251?
3, 7, 47, 673
What are the prime factors of 7777248?
2, 3, 81013
List the prime factors of 118487.
47, 2521
List the prime factors of 1811195.
5, 29, 12491
What are the prime factors of 8673137?
11, 788467
List the prime factors of 6249519.
3, 694391
List the prime factors of 38190375.
3, 5, 83, 409
What are the prime factors of 34331?
11, 3121
What are the prime factors of 244275?
3, 5, 3257
List the prime factors of 30409.
47, 647
What are the prime factors of 39713?
151, 263
What are the prime factors of 425162?
2, 47, 4523
List the prime factors of 1274842.
2, 637421
What are the prime factors of 41404?
2, 11, 941
What are the prime factors of 10736117?
7, 1533731
List the prime factors of 1108235.
5, 29, 7643
List the prime factors of 9443782.
2, 4721891
What are the prime factors of 7984365?
3, 5, 487, 1093
What are the prime factors of 133199?
11, 12109
What are the prime factors of 116115?
3, 5, 7741
What are the prime factors of 42634?
2, 21317
What are the prime factors of 726326?
2, 79, 4597
List the prime factors of 4112489.
1667, 2467
List the prime factors of 316186.
2, 13, 12161
What are the prime factors of 349135?
5, 69827
List the prime factors of 14498222.
2, 7249111
What are the prime factors of 31025325?
3, 5, 499, 829
List the prime factors of 20912701.
443, 47207
What are the prime factors of 3916162?
2, 179, 10939
What are the prime factors of 465769?
29, 16061
List the prime factors of 1650365.
5, 23, 113, 127
What are the prime factors of 394887?
3, 23, 59, 97
List the prime factors of 87408.
2, 3, 607
List the prime factors of 148366.
2, 31, 2393
What are the prime factors of 2389462?
2, 1194731
List the prime factors of 14868307.
14868307
What are the prime factors of 3239050?
2, 5, 64781
What are the prime factors of 3896101?
11, 43, 8237
What are the prime factors of 3838567?
43, 89269
What are the prime factors of 7488368?
2, 419, 1117
List the prime factors of 326243.
107, 3049
List the prime factors of 1005860.
2, 5, 19, 2647
List the prime factors of 192349.
23, 8363
List the prime factors of 3752166.
2, 3, 11, 139, 409
What are the prime factors of 79909?
41, 1949
What are the prime factors of 106444?
2, 13, 23, 89
What are the prime factors of 4076840?
2, 5, 101921
List the prime factors of 3390716.
2, 7, 83, 1459
What are the prime factors of 267287?
137, 1951
What are the prime factors of 28388735?
5, 59, 96233
List the prime factors of 283051.
283051
What are the prime factors of 945854?
2, 7, 13, 5197
What are the prime factors of 12810713?
197, 65029
List the prime factors of 9649988.
2, 109, 22133
List the prime factors of 7782318.
2, 3, 67, 239
What are the prime factors of 3004058?
2, 127, 11827
List the prime factors of 4996270.
2, 5, 31, 71, 227
What are the prime factors of 257140?
2, 5, 13, 23, 43
List the prime factors of 969654.
2, 3, 7, 23087
What are the prime factors of 17418259?
307, 56737
What are the prime factors of 571817?
53, 10789
What are the prime factors of 218669?
11, 103, 193
List the prime factors of 3165340.
2, 5, 101, 1567
List the prime factors of 4668466.
2, 11, 212203
List the prime factors of 391221.
3, 17, 2557
List the prime factors of 433796.
2, 11, 9859
What are the prime factors of 329742?
2, 3, 7, 2617
List the prime factors of 776331.
3, 28753
List the prime factors of 3801941.
11, 13, 2417
List the prime factors of 49967.
29, 1723
List the prime factors of 2195468.
2, 11, 41, 1217
What are the prime factors of 156109?
156109
List the prime factors of 185140.
2, 5, 9257
What are the prime factors of 802998?
2, 3, 7, 6373
List the prime factors of 248909.
248909
List the prime factors of 1512735.
3, 5, 7, 14407
List the prime factors of 8608106.
2, 13, 331081
List the prime factors of 33659234.
2, 7, 523, 4597
What are the prime factors of 973777